at is 11100011000101100 + 100000010?
11100011100101110
In base 8, what is 36342 + -55?
36265
In base 10, what is -12819 + 41?
-12778
In base 16, what is 542a87 - -35?
542abc
In base 2, what is 11001100011101010000 + -101?
11001100011101001011
In base 2, what is 110010 - 10101000111000000?
-10101000110001110
In base 13, what is 4794 - -1449?
5c10
In base 8, what is 0 + 14465040?
14465040
In base 3, what is -11 - -222221011022?
222221011011
In base 10, what is 2003813 - -8?
2003821
In base 9, what is 110806688 - -7?
110806706
In base 16, what is -2 + 72d0add?
72d0adb
In base 16, what is -8cf075 + -1?
-8cf076
In base 9, what is -28 - -734283?
734254
In base 7, what is 455521 - 1660?
453531
In base 8, what is 540 + 24156?
24716
In base 12, what is 204 + -4813?
-460b
In base 6, what is 125253515411 - 3?
125253515404
In base 7, what is 1242061 + -406?
1241352
In base 6, what is -110545233 - 1?
-110545234
In base 11, what is 0 + 3334a85?
3334a85
In base 9, what is -2754740 - 7?
-2754747
In base 4, what is -102132310022302 + 0?
-102132310022302
In base 16, what is -11503f6 - -5?
-11503f1
In base 6, what is -2 + -22044432?
-22044434
In base 3, what is 1021100110 - -2102101?
1100202211
In base 2, what is -1010000000100011110110011100 + 11?
-1010000000100011110110011001
In base 14, what is b2 - -b15c?
b230
In base 16, what is -1a084a - -1?
-1a0849
In base 12, what is 59565b + 5?
595664
In base 10, what is -874962 - 24?
-874986
In base 10, what is 4 - 302106857?
-302106853
In base 7, what is -332441 - -60?
-332351
In base 8, what is -2701 - 77756?
-102657
In base 15, what is 379db85 - -3?
379db88
In base 9, what is -2345050 + 28?
-2345021
In base 6, what is -134 + 255315?
255141
In base 7, what is 414 + 2010035?
2010452
In base 13, what is -183c - -12b2?
-55a
In base 2, what is 110 - -11000001000110000110111?
11000001000110000111101
In base 14, what is -10 - bb87a9?
-bb87b9
In base 4, what is -1320222130 - -11?
-1320222113
In base 6, what is -311155041 + 4?
-311155033
In base 9, what is 671277 - -7?
671285
In base 15, what is -3b - -1e60e?
1e5c3
In base 10, what is 178730 - 95?
178635
In base 16, what is -1e5a6e + 10?
-1e5a5e
In base 4, what is 1201 + 11122133?
11130000
In base 2, what is -101111110110110000100101 - 1001010?
-101111110110110001101111
In base 5, what is -30323 + 13334004?
13303131
In base 8, what is 511373 - 2036?
507335
In base 6, what is -31 - 20055222?
-20055253
In base 6, what is -4414452 - 1245?
-4420141
In base 12, what is -3 - -1a65757?
1a65754
In base 7, what is 3 + -3604611216?
-3604611213
In base 11, what is 49270 + -4502?
44869
In base 7, what is -102612543 - -3?
-102612540
In base 16, what is 5 - 2e19ac?
-2e19a7
In base 15, what is 3e5ca581 + 3?
3e5ca584
In base 14, what is 1dd9dc + 1d?
1dda1b
In base 6, what is -2 + -144151515?
-144151521
In base 12, what is b90757 - -10a?
b90865
In base 9, what is -2 - 13508862?
-13508864
In base 9, what is -4 - 17225228?
-17225233
In base 14, what is 98b - -337ca?
34377
In base 6, what is -234 - 13354303?
-13354541
In base 5, what is 3330433040 + -2?
3330433033
In base 7, what is -115523155 + 0?
-115523155
In base 11, what is 179 - 4156a?
-413a1
In base 11, what is 0 + 220010?
220010
In base 14, what is 44 + 30106?
3014a
In base 5, what is 12142 - -3032112?
3044304
In base 4, what is 1331221 - -302?
1332123
In base 16, what is -1b3 + 703e5?
70232
In base 11, what is 4 - -2509a28?
2509a31
In base 15, what is -72 - -34caa1?
34ca2e
In base 2, what is -1011100000 + 1010100101011?
1001001001011
In base 16, what is 26f5 - 8282?
-5b8d
In base 9, what is 22267 + -10548?
11618
In base 4, what is 12132020322 - 222?
12132020100
In base 14, what is -2860c + 70?
-2857c
In base 14, what is -60aa - 1ac2?
-7b8c
In base 2, what is 10001111001100100000001 + 100001?
10001111001100100100010
In base 7, what is -23560235602 - -3?
-23560235566
In base 4, what is 11 + 10010103210223?
10010103210300
In base 16, what is -92809c - 1b?
-9280b7
In base 15, what is -2 + -142b449?
-142b44b
In base 7, what is 1012026441 + -5?
1012026433
In base 5, what is -2 + -1001231411?
-1001231413
In base 6, what is 1 + 21425255545?
21425255550
In base 3, what is -2 + -221110200120102020?
-221110200120102022
In base 2, what is -101111101001110011 - -10110001?
-101111100111000010
In base 2, what is -100 + -101101110100110011101101010?
-101101110100110011101101110
In base 12, what is -88a06a3 - 1?
-88a06a4
In base 12, what is -10 + 5912a0?
591290
In base 9, what is 2 + 24737483?
24737485
In base 12, what is 45 - -995295?
99531a
In base 16, what is 35167 + -2f?
35138
In base 14, what is 3 - 638222?
-63821d
In base 16, what is 3e - -da761?
da79f
In base 15, what is -182e - 34a20?
-3634e
In base 14, what is 223aabc7 - 3?
223aabc4
In base 2, what is -10101010011100100110111 + 0?
-10101010011100100110111
In base 8, what is 133 - 4254275?
-4254142
In base 7, what is 14132660 + -15?
14132642
In base 14, what is 5c + 76cd8?
76d56
In base 3, what is 20202102001220102 - 1?
20202102001220101
In base 6, what is 0 - 314034303?
-314034303
In base 6, what is 15523234 - -3420?
15531054
In base 6, what is 3 + 150113530?
150113533
In base 2, what is 1011001001001001110011 - -100?
1011001001001001110111
In base 2, what is 1111 - -1101010010010001101101?
1101010010010001111100
In base 15, what is -1877 - -43b1?
2a39
In base 12, what is -8569544 + -5?
-8569549
In base 5, what is 1441410 - 44?
1441311
In base 5, what is 333131 - 433013?
-44332
In base 5, what is 100230413210 + 2?
100230413212
In base 9, what is -668162 + 11?
-668151
In base 14, what is 7a - 1145a7?
-11452b
In base 15, what is e - -dac1?
dad0
In base 3, what is 100021000201210 - -10000?
100021000211210
In base 10, what is -2475 - -1553?
-922
In base 9, what is 121655 + -40?
121615
In base 14, what is 44 + -36d23?
-36cbd
In base 14, what is 3c - 33863c?
-338600
In base 10, what is 133 - 662589?
-662456
In base 11, what is 1201 - 3019?
-1918
In base 6, what is 0 + -1045454332?
-1045454332
In base 11, what is 1a4176 + 674?
1a483a
In base 3, what is 10021220021 + -111?
10021212210
In base 13, what is -7545aa - -2?
-7545a8
In base 2, what is 100111001101100000101 - 101100?
100111001101011011001
In base 8, what is -31677743 - 13?
-31677756
In base 7, what is 534254 + 6654?
544241
In base 13, what is -2aa726 + -6?
-2aa72c
In base 14, what is 1c38 - -2883?
46bb
In base 16, what is -ab - 2cf6?
-2da1
In base 9, what is 4 + 2217700?
2217704
In base 11, what is 519 - 1a6702?
-1a6194
In base 4, what is 113301002221 + 31?
113301002312
In base 16, what is 7a + -3ced?
-3c73
In base 15, what is 2 + 65e5d4a?
65e5d4c
In base 13, what is -2 + -2158629?
-215862b
In base 5, what is 232003 - -403001?
1140004
In base 8, what is 651 - 2233?
-1362
In base 4, what is 12013 - 111023?
-33010
In base 8, what is -247 - 102562?
-103031
In base 9, what is -116452 + -2382?
-118844
In base 9, what is 443618 + 1473?
445202
In base 14, what is 8946a + 21?
8948b
In base 9, what is -47078 - -73?
-47005
In base 7, what is -13516512 + -131?
-13516643
In base 15, what is cde5ec + 2?
cde5ee
In base 6, what is 1232 + -245202?
-243530
In base 12, what is 34 + -3b637?
-3b603
In base 8, what is 7730 - 63262?
-53332
In base 14, what is 10b7 + -1793?
-6ba
In base 11, what is 5 + -306a667?
-306a662
In base 12, what is -6696013 + 0?
-6696013
In base 13, what is 5 - 1056a19?
-1056a14
In base 5, what is -14 + -3131343443?
-3131344012
In base 3, what is -202000012100111 + -212?
-202000012101100
In base 3, what is 1010212 - 1100122120?
-1022111201
In base 14, what is 6a284 + -d?
6a275
In base 4, what is -130 - -132010311013?
132010310223
In base 16, what is 4c5c6a + 0?
4c5c6a
In base 10, what is 246 - -462855?
463101
In base 2, what is 1010101101011000010011 - -1?
1010101101011000010100
In base 14, what is -40 + -32a27?
-32a67
In base 12, what is 1 - 4328147?
-4328146
In base 4, what is 1120120001 - 13?
1120113322
In base 3, what is 2211200211 + -10012122?
2201111012
In base 15, what is -11 + 22757a?
227569
In base 5, what is -12304 - 100120?
-112424
In base 16, what is -4a + 3f192?
3f148
In base 5, what is -10 - 1240343323?
-1240343333
In base 10, what is 3400 + 339?
3739
In base 13, what is 487 + -293222?
-292a68
In base 16, what is 3 - 39e